{"id":26,"date":"2021-04-21T12:20:29","date_gmt":"2021-04-21T12:20:29","guid":{"rendered":"https:\/\/viennasunrise.at\/?page_id=26"},"modified":"2023-12-04T05:19:00","modified_gmt":"2023-12-04T04:19:00","slug":"kontakt","status":"publish","type":"page","link":"https:\/\/viennasunrise.at\/?page_id=26","title":{"rendered":"Kontakt"},"content":{"rendered":"\n<h2 class=\"wp-block-heading\">Kontakt<\/h2>\n\n\n\n<p>Stefan: <a href=\"tel:+436764063167\">+43 676 4063167<\/a><\/p>\n\n\n\n<p>Ed: <a href=\"tel:+436763074800\">+43 676 3074800<\/a><\/p>\n\n\n\n<p>Klaus: <a href=\"tel:+436646235137\">+43 664 6235137<\/a><\/p>\n\n\n\n<p><a href=\"mailto:info@viennasunrise.at\">info(<s>at<\/s>)viennasunrise.at<\/a><\/p>\n\n\n\n<hr class=\"wp-block-separator has-css-opacity is-style-wide\"\/>\n\n\n\n<h2 class=\"wp-block-heading\">Impressum<\/h2>\n\n\n\n<p>Vienna Sunrise<br>Lichtentalergasse 7-9\/41<br>1090 Wien<\/p>\n\n\n\n<p>UID: ATU59708711<\/p>\n\n\n\n<hr class=\"wp-block-separator has-css-opacity is-style-wide\"\/>\n\n\n\n<h2 class=\"wp-block-heading\">Disclaimer<\/h2>\n\n\n\n<p>Alle Inhalte dieser Webseite sind Eigentum von Vienna Sunrise oder werden mit Genehmigung des Eigent\u00fcmers hier dargestellt. Wir \u00fcbernehmen keine Verantwortung f\u00fcr interne und externe Inhalte, Datenfehler, sonstige Fehler, Cookies und eigentlich auch f\u00fcr sonst nix. Danke f\u00fcr die Aufmerksamkeit \ud83d\ude09 <\/p>\n","protected":false},"excerpt":{"rendered":"<p>Kontakt Stefan: +43 676 4063167 Ed: +43 676 3074800 Klaus: +43 664 6235137 info(at)viennasunrise.at Impressum Vienna SunriseLichtentalergasse 7-9\/411090 Wien UID: ATU59708711 Disclaimer Alle Inhalte dieser Webseite sind Eigentum von Vienna Sunrise oder werden mit Genehmigung des Eigent\u00fcmers hier dargestellt. Wir \u00fcbernehmen keine Verantwortung f\u00fcr interne und externe Inhalte, Datenfehler, sonstige Fehler, Cookies und eigentlich auch f\u00fcr sonst nix. Danke f\u00fcr die Aufmerksamkeit \ud83d\ude09<\/p>\n","protected":false},"author":1,"featured_media":0,"parent":0,"menu_order":0,"comment_status":"closed","ping_status":"closed","template":"","meta":{"footnotes":""},"yoast_head":"<!-- This site is optimized with the Yoast SEO plugin v24.5 - https:\/\/yoast.com\/wordpress\/plugins\/seo\/ -->\n<title>Vienna Sunrise Band Kontakt<\/title>\n<meta name=\"description\" content=\"Vienna Sunrise Band - Folk-Rock &amp; Pop in Vienna\" \/>\n<meta name=\"robots\" content=\"index, follow, max-snippet:-1, max-image-preview:large, max-video-preview:-1\" \/>\n<link rel=\"canonical\" href=\"https:\/\/viennasunrise.at\/?page_id=26\" \/>\n<meta property=\"og:locale\" content=\"de_DE\" \/>\n<meta property=\"og:type\" content=\"article\" \/>\n<meta property=\"og:title\" content=\"Vienna Sunrise Band Kontakt\" \/>\n<meta property=\"og:description\" content=\"Vienna Sunrise Band - Folk-Rock &amp; Pop in Vienna\" \/>\n<meta property=\"og:url\" content=\"https:\/\/viennasunrise.at\/?page_id=26\" \/>\n<meta property=\"og:site_name\" content=\"Vienna Sunrise\" \/>\n<meta property=\"article:publisher\" content=\"https:\/\/www.facebook.com\/ViennaSunriseBand\" \/>\n<meta property=\"article:modified_time\" content=\"2023-12-04T04:19:00+00:00\" \/>\n<meta name=\"twitter:card\" content=\"summary_large_image\" \/>\n<meta name=\"twitter:site\" content=\"@SunriseVienna\" \/>\n<meta name=\"twitter:label1\" content=\"Gesch\u00e4tzte Lesezeit\" \/>\n\t<meta name=\"twitter:data1\" content=\"1 Minute\" \/>\n<script type=\"application\/ld+json\" class=\"yoast-schema-graph\">{\"@context\":\"https:\/\/schema.org\",\"@graph\":[{\"@type\":\"WebPage\",\"@id\":\"https:\/\/viennasunrise.at\/?page_id=26\",\"url\":\"https:\/\/viennasunrise.at\/?page_id=26\",\"name\":\"Vienna Sunrise Band Kontakt\",\"isPartOf\":{\"@id\":\"https:\/\/viennasunrise.at\/#website\"},\"datePublished\":\"2021-04-21T12:20:29+00:00\",\"dateModified\":\"2023-12-04T04:19:00+00:00\",\"description\":\"Vienna Sunrise Band - Folk-Rock & Pop in Vienna\",\"breadcrumb\":{\"@id\":\"https:\/\/viennasunrise.at\/?page_id=26#breadcrumb\"},\"inLanguage\":\"de-AT\",\"potentialAction\":[{\"@type\":\"ReadAction\",\"target\":[\"https:\/\/viennasunrise.at\/?page_id=26\"]}]},{\"@type\":\"BreadcrumbList\",\"@id\":\"https:\/\/viennasunrise.at\/?page_id=26#breadcrumb\",\"itemListElement\":[{\"@type\":\"ListItem\",\"position\":1,\"name\":\"Home\",\"item\":\"https:\/\/viennasunrise.at\/\"},{\"@type\":\"ListItem\",\"position\":2,\"name\":\"Kontakt\"}]},{\"@type\":\"WebSite\",\"@id\":\"https:\/\/viennasunrise.at\/#website\",\"url\":\"https:\/\/viennasunrise.at\/\",\"name\":\"Vienna Sunrise\",\"description\":\"Folk-Rock &amp; Pop in Vienna\",\"publisher\":{\"@id\":\"https:\/\/viennasunrise.at\/#organization\"},\"potentialAction\":[{\"@type\":\"SearchAction\",\"target\":{\"@type\":\"EntryPoint\",\"urlTemplate\":\"https:\/\/viennasunrise.at\/?s={search_term_string}\"},\"query-input\":{\"@type\":\"PropertyValueSpecification\",\"valueRequired\":true,\"valueName\":\"search_term_string\"}}],\"inLanguage\":\"de-AT\"},{\"@type\":\"Organization\",\"@id\":\"https:\/\/viennasunrise.at\/#organization\",\"name\":\"Vienna Sunrise Band\",\"url\":\"https:\/\/viennasunrise.at\/\",\"logo\":{\"@type\":\"ImageObject\",\"inLanguage\":\"de-AT\",\"@id\":\"https:\/\/viennasunrise.at\/#\/schema\/logo\/image\/\",\"url\":\"https:\/\/viennasunrise.at\/wp-content\/uploads\/2021\/04\/vienna-02.png\",\"contentUrl\":\"https:\/\/viennasunrise.at\/wp-content\/uploads\/2021\/04\/vienna-02.png\",\"width\":597,\"height\":188,\"caption\":\"Vienna Sunrise Band\"},\"image\":{\"@id\":\"https:\/\/viennasunrise.at\/#\/schema\/logo\/image\/\"},\"sameAs\":[\"https:\/\/www.facebook.com\/ViennaSunriseBand\",\"https:\/\/x.com\/SunriseVienna\",\"https:\/\/www.instagram.com\/viennasunriseband\/\",\"https:\/\/www.youtube.com\/channel\/UC-pu3aLxo5KM5ybnKI4yopw\"]}]}<\/script>\n<!-- \/ Yoast SEO plugin. -->","yoast_head_json":{"title":"Vienna Sunrise Band Kontakt","description":"Vienna Sunrise Band - Folk-Rock & Pop in Vienna","robots":{"index":"index","follow":"follow","max-snippet":"max-snippet:-1","max-image-preview":"max-image-preview:large","max-video-preview":"max-video-preview:-1"},"canonical":"https:\/\/viennasunrise.at\/?page_id=26","og_locale":"de_DE","og_type":"article","og_title":"Vienna Sunrise Band Kontakt","og_description":"Vienna Sunrise Band - Folk-Rock & Pop in Vienna","og_url":"https:\/\/viennasunrise.at\/?page_id=26","og_site_name":"Vienna Sunrise","article_publisher":"https:\/\/www.facebook.com\/ViennaSunriseBand","article_modified_time":"2023-12-04T04:19:00+00:00","twitter_card":"summary_large_image","twitter_site":"@SunriseVienna","twitter_misc":{"Gesch\u00e4tzte Lesezeit":"1 Minute"},"schema":{"@context":"https:\/\/schema.org","@graph":[{"@type":"WebPage","@id":"https:\/\/viennasunrise.at\/?page_id=26","url":"https:\/\/viennasunrise.at\/?page_id=26","name":"Vienna Sunrise Band Kontakt","isPartOf":{"@id":"https:\/\/viennasunrise.at\/#website"},"datePublished":"2021-04-21T12:20:29+00:00","dateModified":"2023-12-04T04:19:00+00:00","description":"Vienna Sunrise Band - Folk-Rock & Pop in Vienna","breadcrumb":{"@id":"https:\/\/viennasunrise.at\/?page_id=26#breadcrumb"},"inLanguage":"de-AT","potentialAction":[{"@type":"ReadAction","target":["https:\/\/viennasunrise.at\/?page_id=26"]}]},{"@type":"BreadcrumbList","@id":"https:\/\/viennasunrise.at\/?page_id=26#breadcrumb","itemListElement":[{"@type":"ListItem","position":1,"name":"Home","item":"https:\/\/viennasunrise.at\/"},{"@type":"ListItem","position":2,"name":"Kontakt"}]},{"@type":"WebSite","@id":"https:\/\/viennasunrise.at\/#website","url":"https:\/\/viennasunrise.at\/","name":"Vienna Sunrise","description":"Folk-Rock &amp; Pop in Vienna","publisher":{"@id":"https:\/\/viennasunrise.at\/#organization"},"potentialAction":[{"@type":"SearchAction","target":{"@type":"EntryPoint","urlTemplate":"https:\/\/viennasunrise.at\/?s={search_term_string}"},"query-input":{"@type":"PropertyValueSpecification","valueRequired":true,"valueName":"search_term_string"}}],"inLanguage":"de-AT"},{"@type":"Organization","@id":"https:\/\/viennasunrise.at\/#organization","name":"Vienna Sunrise Band","url":"https:\/\/viennasunrise.at\/","logo":{"@type":"ImageObject","inLanguage":"de-AT","@id":"https:\/\/viennasunrise.at\/#\/schema\/logo\/image\/","url":"https:\/\/viennasunrise.at\/wp-content\/uploads\/2021\/04\/vienna-02.png","contentUrl":"https:\/\/viennasunrise.at\/wp-content\/uploads\/2021\/04\/vienna-02.png","width":597,"height":188,"caption":"Vienna Sunrise Band"},"image":{"@id":"https:\/\/viennasunrise.at\/#\/schema\/logo\/image\/"},"sameAs":["https:\/\/www.facebook.com\/ViennaSunriseBand","https:\/\/x.com\/SunriseVienna","https:\/\/www.instagram.com\/viennasunriseband\/","https:\/\/www.youtube.com\/channel\/UC-pu3aLxo5KM5ybnKI4yopw"]}]}},"_links":{"self":[{"href":"https:\/\/viennasunrise.at\/index.php?rest_route=\/wp\/v2\/pages\/26"}],"collection":[{"href":"https:\/\/viennasunrise.at\/index.php?rest_route=\/wp\/v2\/pages"}],"about":[{"href":"https:\/\/viennasunrise.at\/index.php?rest_route=\/wp\/v2\/types\/page"}],"author":[{"embeddable":true,"href":"https:\/\/viennasunrise.at\/index.php?rest_route=\/wp\/v2\/users\/1"}],"replies":[{"embeddable":true,"href":"https:\/\/viennasunrise.at\/index.php?rest_route=%2Fwp%2Fv2%2Fcomments&post=26"}],"version-history":[{"count":26,"href":"https:\/\/viennasunrise.at\/index.php?rest_route=\/wp\/v2\/pages\/26\/revisions"}],"predecessor-version":[{"id":188,"href":"https:\/\/viennasunrise.at\/index.php?rest_route=\/wp\/v2\/pages\/26\/revisions\/188"}],"wp:attachment":[{"href":"https:\/\/viennasunrise.at\/index.php?rest_route=%2Fwp%2Fv2%2Fmedia&parent=26"}],"curies":[{"name":"wp","href":"https:\/\/api.w.org\/{rel}","templated":true}]}}