{"id":68,"date":"2021-04-21T16:10:50","date_gmt":"2021-04-21T14:10:50","guid":{"rendered":"https:\/\/viennasunrise.at\/?page_id=68"},"modified":"2023-09-17T22:39:21","modified_gmt":"2023-09-17T20:39:21","slug":"band","status":"publish","type":"page","link":"https:\/\/viennasunrise.at\/?page_id=68","title":{"rendered":"Band"},"content":{"rendered":"\n<figure class=\"wp-block-table\"><table><tbody><tr><td class=\"has-text-align-center\" data-align=\"center\"><img loading=\"lazy\" decoding=\"async\" width=\"200\" height=\"270\" class=\"wp-image-87\" style=\"width: 200px;\" src=\"https:\/\/viennasunrise.at\/wp-content\/uploads\/2021\/04\/Klaus_black.jpg\" alt=\"\"><\/td><td class=\"has-text-align-center\" data-align=\"center\"><img loading=\"lazy\" decoding=\"async\" width=\"200\" height=\"270\" class=\"wp-image-88\" style=\"width: 200px;\" src=\"https:\/\/viennasunrise.at\/wp-content\/uploads\/2021\/04\/Stefan_black.jpg\" alt=\"\"><\/td><td class=\"has-text-align-center\" data-align=\"center\"><img loading=\"lazy\" decoding=\"async\" width=\"200\" height=\"270\" class=\"wp-image-89\" style=\"width: 200px;\" src=\"https:\/\/viennasunrise.at\/wp-content\/uploads\/2021\/04\/Ed_black.jpg\" alt=\"\"><\/td><\/tr><tr><td class=\"has-text-align-center\" data-align=\"center\"><strong>Klaus Schrenk<\/strong><br>Bass, Gesang<\/td><td class=\"has-text-align-center\" data-align=\"center\"><strong>Stefan Zeder<\/strong><br>Gesang, Gitarre<\/td><td class=\"has-text-align-center\" data-align=\"center\"><strong>Ed O Newman<\/strong><br>Gitarre, Gesang<\/td><\/tr><\/tbody><\/table><\/figure>\n\n\n\n<h2 class=\"wp-block-heading\">Presse<\/h2>\n\n\n\n<h3 class=\"wp-block-heading\">Kurztext<\/h3>\n\n\n\n<p>Vienna Sunrise haben sich dem Folk-Rock &amp; Pop von den sp\u00e4ten 60ern bis heute mit dreistimmigen Gesangs- und melodische Gitarrenarrangements verschrieben.<\/p>\n\n\n\n<h3 class=\"wp-block-heading\">Langtext<\/h3>\n\n\n\n<p>Vienna Sunrise bringen Folk-Rock &amp; Pop von den sp\u00e4ten 60ern bis heute bei kleinen und gro\u00dfen Feiern, auf Pub- und Festival-B\u00fchnen. Mit der Hauptstimme von Stefan Zeder, Ed Newman an der Gitarre und Klaus Schrenk am Bass arrangiert das Trio ausgew\u00e4hlte Songs von den Beatles, Eagles, Pink Floyd, Supertramp, Elton John, Gary Moore, Jimi Hendrix, den Doobi Brothers, The Who u.v.a mit dreistimmigem Gesang und melodischer Gitarrenbegleitung. Bei einigen Songs kommt eine von Stefan Zeder (der Schlagzeuger in mehreren anderen Formationen ist) eingespielte Drumspur zum Einsatz, um vor allem flottere und funkigere Songs authentischer und tanzbarer wiedergeben zu k\u00f6nnen. Hauptanliegen der Band ist der Spa\u00df an der Musik der letzten 50 Jahre.<\/p>\n","protected":false},"excerpt":{"rendered":"<p>Klaus SchrenkBass, Gesang Stefan ZederGesang, Gitarre Ed O NewmanGitarre, Gesang Presse Kurztext Vienna Sunrise haben sich dem Folk-Rock &amp; Pop von den sp\u00e4ten 60ern bis heute mit dreistimmigen Gesangs- und melodische Gitarrenarrangements verschrieben. Langtext Vienna Sunrise bringen Folk-Rock &amp; Pop von den sp\u00e4ten 60ern bis heute bei kleinen und gro\u00dfen Feiern, auf Pub- und Festival-B\u00fchnen. Mit der Hauptstimme von Stefan Zeder, Ed Newman an der Gitarre und Klaus Schrenk am [&hellip;]<\/p>\n","protected":false},"author":1,"featured_media":0,"parent":0,"menu_order":0,"comment_status":"closed","ping_status":"closed","template":"","meta":{"footnotes":""},"yoast_head":"<!-- This site is optimized with the Yoast SEO plugin v24.5 - https:\/\/yoast.com\/wordpress\/plugins\/seo\/ -->\n<title>Vienna Sunrise Band Musiker<\/title>\n<meta name=\"description\" content=\"Vienna Sunrise Band - Folk-Rock &amp; Pop in Vienna\" \/>\n<meta name=\"robots\" content=\"index, follow, max-snippet:-1, max-image-preview:large, max-video-preview:-1\" \/>\n<link rel=\"canonical\" href=\"https:\/\/viennasunrise.at\/?page_id=68\" \/>\n<meta property=\"og:locale\" content=\"de_DE\" \/>\n<meta property=\"og:type\" content=\"article\" \/>\n<meta property=\"og:title\" content=\"Vienna Sunrise Band Musiker\" \/>\n<meta property=\"og:description\" content=\"Vienna Sunrise Band - Folk-Rock &amp; Pop in Vienna\" \/>\n<meta property=\"og:url\" content=\"https:\/\/viennasunrise.at\/?page_id=68\" \/>\n<meta property=\"og:site_name\" content=\"Vienna Sunrise\" \/>\n<meta property=\"article:publisher\" content=\"https:\/\/www.facebook.com\/ViennaSunriseBand\" \/>\n<meta property=\"article:modified_time\" content=\"2023-09-17T20:39:21+00:00\" \/>\n<meta property=\"og:image\" content=\"https:\/\/viennasunrise.at\/wp-content\/uploads\/2021\/04\/Klaus_black.jpg\" \/>\n<meta name=\"twitter:card\" content=\"summary_large_image\" \/>\n<meta name=\"twitter:site\" content=\"@SunriseVienna\" \/>\n<meta name=\"twitter:label1\" content=\"Gesch\u00e4tzte Lesezeit\" \/>\n\t<meta name=\"twitter:data1\" content=\"2 Minuten\" \/>\n<script type=\"application\/ld+json\" class=\"yoast-schema-graph\">{\"@context\":\"https:\/\/schema.org\",\"@graph\":[{\"@type\":\"WebPage\",\"@id\":\"https:\/\/viennasunrise.at\/?page_id=68\",\"url\":\"https:\/\/viennasunrise.at\/?page_id=68\",\"name\":\"Vienna Sunrise Band Musiker\",\"isPartOf\":{\"@id\":\"https:\/\/viennasunrise.at\/#website\"},\"primaryImageOfPage\":{\"@id\":\"https:\/\/viennasunrise.at\/?page_id=68#primaryimage\"},\"image\":{\"@id\":\"https:\/\/viennasunrise.at\/?page_id=68#primaryimage\"},\"thumbnailUrl\":\"https:\/\/viennasunrise.at\/wp-content\/uploads\/2021\/04\/Klaus_black.jpg\",\"datePublished\":\"2021-04-21T14:10:50+00:00\",\"dateModified\":\"2023-09-17T20:39:21+00:00\",\"description\":\"Vienna Sunrise Band - Folk-Rock & Pop in Vienna\",\"breadcrumb\":{\"@id\":\"https:\/\/viennasunrise.at\/?page_id=68#breadcrumb\"},\"inLanguage\":\"de-AT\",\"potentialAction\":[{\"@type\":\"ReadAction\",\"target\":[\"https:\/\/viennasunrise.at\/?page_id=68\"]}]},{\"@type\":\"ImageObject\",\"inLanguage\":\"de-AT\",\"@id\":\"https:\/\/viennasunrise.at\/?page_id=68#primaryimage\",\"url\":\"https:\/\/viennasunrise.at\/wp-content\/uploads\/2021\/04\/Klaus_black.jpg\",\"contentUrl\":\"https:\/\/viennasunrise.at\/wp-content\/uploads\/2021\/04\/Klaus_black.jpg\",\"width\":200,\"height\":270},{\"@type\":\"BreadcrumbList\",\"@id\":\"https:\/\/viennasunrise.at\/?page_id=68#breadcrumb\",\"itemListElement\":[{\"@type\":\"ListItem\",\"position\":1,\"name\":\"Home\",\"item\":\"https:\/\/viennasunrise.at\/\"},{\"@type\":\"ListItem\",\"position\":2,\"name\":\"Band\"}]},{\"@type\":\"WebSite\",\"@id\":\"https:\/\/viennasunrise.at\/#website\",\"url\":\"https:\/\/viennasunrise.at\/\",\"name\":\"Vienna Sunrise\",\"description\":\"Folk-Rock &amp; Pop in Vienna\",\"publisher\":{\"@id\":\"https:\/\/viennasunrise.at\/#organization\"},\"potentialAction\":[{\"@type\":\"SearchAction\",\"target\":{\"@type\":\"EntryPoint\",\"urlTemplate\":\"https:\/\/viennasunrise.at\/?s={search_term_string}\"},\"query-input\":{\"@type\":\"PropertyValueSpecification\",\"valueRequired\":true,\"valueName\":\"search_term_string\"}}],\"inLanguage\":\"de-AT\"},{\"@type\":\"Organization\",\"@id\":\"https:\/\/viennasunrise.at\/#organization\",\"name\":\"Vienna Sunrise Band\",\"url\":\"https:\/\/viennasunrise.at\/\",\"logo\":{\"@type\":\"ImageObject\",\"inLanguage\":\"de-AT\",\"@id\":\"https:\/\/viennasunrise.at\/#\/schema\/logo\/image\/\",\"url\":\"https:\/\/viennasunrise.at\/wp-content\/uploads\/2021\/04\/vienna-02.png\",\"contentUrl\":\"https:\/\/viennasunrise.at\/wp-content\/uploads\/2021\/04\/vienna-02.png\",\"width\":597,\"height\":188,\"caption\":\"Vienna Sunrise Band\"},\"image\":{\"@id\":\"https:\/\/viennasunrise.at\/#\/schema\/logo\/image\/\"},\"sameAs\":[\"https:\/\/www.facebook.com\/ViennaSunriseBand\",\"https:\/\/x.com\/SunriseVienna\",\"https:\/\/www.instagram.com\/viennasunriseband\/\",\"https:\/\/www.youtube.com\/channel\/UC-pu3aLxo5KM5ybnKI4yopw\"]}]}<\/script>\n<!-- \/ Yoast SEO plugin. -->","yoast_head_json":{"title":"Vienna Sunrise Band Musiker","description":"Vienna Sunrise Band - Folk-Rock & Pop in Vienna","robots":{"index":"index","follow":"follow","max-snippet":"max-snippet:-1","max-image-preview":"max-image-preview:large","max-video-preview":"max-video-preview:-1"},"canonical":"https:\/\/viennasunrise.at\/?page_id=68","og_locale":"de_DE","og_type":"article","og_title":"Vienna Sunrise Band Musiker","og_description":"Vienna Sunrise Band - Folk-Rock & Pop in Vienna","og_url":"https:\/\/viennasunrise.at\/?page_id=68","og_site_name":"Vienna Sunrise","article_publisher":"https:\/\/www.facebook.com\/ViennaSunriseBand","article_modified_time":"2023-09-17T20:39:21+00:00","og_image":[{"url":"https:\/\/viennasunrise.at\/wp-content\/uploads\/2021\/04\/Klaus_black.jpg","type":"","width":"","height":""}],"twitter_card":"summary_large_image","twitter_site":"@SunriseVienna","twitter_misc":{"Gesch\u00e4tzte Lesezeit":"2 Minuten"},"schema":{"@context":"https:\/\/schema.org","@graph":[{"@type":"WebPage","@id":"https:\/\/viennasunrise.at\/?page_id=68","url":"https:\/\/viennasunrise.at\/?page_id=68","name":"Vienna Sunrise Band Musiker","isPartOf":{"@id":"https:\/\/viennasunrise.at\/#website"},"primaryImageOfPage":{"@id":"https:\/\/viennasunrise.at\/?page_id=68#primaryimage"},"image":{"@id":"https:\/\/viennasunrise.at\/?page_id=68#primaryimage"},"thumbnailUrl":"https:\/\/viennasunrise.at\/wp-content\/uploads\/2021\/04\/Klaus_black.jpg","datePublished":"2021-04-21T14:10:50+00:00","dateModified":"2023-09-17T20:39:21+00:00","description":"Vienna Sunrise Band - Folk-Rock & Pop in Vienna","breadcrumb":{"@id":"https:\/\/viennasunrise.at\/?page_id=68#breadcrumb"},"inLanguage":"de-AT","potentialAction":[{"@type":"ReadAction","target":["https:\/\/viennasunrise.at\/?page_id=68"]}]},{"@type":"ImageObject","inLanguage":"de-AT","@id":"https:\/\/viennasunrise.at\/?page_id=68#primaryimage","url":"https:\/\/viennasunrise.at\/wp-content\/uploads\/2021\/04\/Klaus_black.jpg","contentUrl":"https:\/\/viennasunrise.at\/wp-content\/uploads\/2021\/04\/Klaus_black.jpg","width":200,"height":270},{"@type":"BreadcrumbList","@id":"https:\/\/viennasunrise.at\/?page_id=68#breadcrumb","itemListElement":[{"@type":"ListItem","position":1,"name":"Home","item":"https:\/\/viennasunrise.at\/"},{"@type":"ListItem","position":2,"name":"Band"}]},{"@type":"WebSite","@id":"https:\/\/viennasunrise.at\/#website","url":"https:\/\/viennasunrise.at\/","name":"Vienna Sunrise","description":"Folk-Rock &amp; Pop in Vienna","publisher":{"@id":"https:\/\/viennasunrise.at\/#organization"},"potentialAction":[{"@type":"SearchAction","target":{"@type":"EntryPoint","urlTemplate":"https:\/\/viennasunrise.at\/?s={search_term_string}"},"query-input":{"@type":"PropertyValueSpecification","valueRequired":true,"valueName":"search_term_string"}}],"inLanguage":"de-AT"},{"@type":"Organization","@id":"https:\/\/viennasunrise.at\/#organization","name":"Vienna Sunrise Band","url":"https:\/\/viennasunrise.at\/","logo":{"@type":"ImageObject","inLanguage":"de-AT","@id":"https:\/\/viennasunrise.at\/#\/schema\/logo\/image\/","url":"https:\/\/viennasunrise.at\/wp-content\/uploads\/2021\/04\/vienna-02.png","contentUrl":"https:\/\/viennasunrise.at\/wp-content\/uploads\/2021\/04\/vienna-02.png","width":597,"height":188,"caption":"Vienna Sunrise Band"},"image":{"@id":"https:\/\/viennasunrise.at\/#\/schema\/logo\/image\/"},"sameAs":["https:\/\/www.facebook.com\/ViennaSunriseBand","https:\/\/x.com\/SunriseVienna","https:\/\/www.instagram.com\/viennasunriseband\/","https:\/\/www.youtube.com\/channel\/UC-pu3aLxo5KM5ybnKI4yopw"]}]}},"_links":{"self":[{"href":"https:\/\/viennasunrise.at\/index.php?rest_route=\/wp\/v2\/pages\/68"}],"collection":[{"href":"https:\/\/viennasunrise.at\/index.php?rest_route=\/wp\/v2\/pages"}],"about":[{"href":"https:\/\/viennasunrise.at\/index.php?rest_route=\/wp\/v2\/types\/page"}],"author":[{"embeddable":true,"href":"https:\/\/viennasunrise.at\/index.php?rest_route=\/wp\/v2\/users\/1"}],"replies":[{"embeddable":true,"href":"https:\/\/viennasunrise.at\/index.php?rest_route=%2Fwp%2Fv2%2Fcomments&post=68"}],"version-history":[{"count":6,"href":"https:\/\/viennasunrise.at\/index.php?rest_route=\/wp\/v2\/pages\/68\/revisions"}],"predecessor-version":[{"id":180,"href":"https:\/\/viennasunrise.at\/index.php?rest_route=\/wp\/v2\/pages\/68\/revisions\/180"}],"wp:attachment":[{"href":"https:\/\/viennasunrise.at\/index.php?rest_route=%2Fwp%2Fv2%2Fmedia&parent=68"}],"curies":[{"name":"wp","href":"https:\/\/api.w.org\/{rel}","templated":true}]}}

<figure class="wp-block-table"><table><tbody><tr><td class="has-text-align-center" data-align="center"><img loading="lazy" decoding="async" width="200" height="270" class="wp-image-87" style="width: 200px;" src="https://viennasunrise.at/wp-content/uploads/2021/04/Klaus_black.jpg" alt=""></td><td class="has-text-align-center" data-align="center"><img loading="lazy" decoding="async" width="200" height="270" class="wp-image-88" style="width: 200px;" src="https://viennasunrise.at/wp-content/uploads/2021/04/Stefan_black.jpg" alt=""></td><td class="has-text-align-center" data-align="center"><img loading="lazy" decoding="async" width="200" height="270" class="wp-image-89" style="width: 200px;" src="https://viennasunrise.at/wp-content/uploads/2021/04/Ed_black.jpg" alt=""></td></tr><tr><td class="has-text-align-center" data-align="center"><strong>Klaus Schrenk</strong><br>Bass, Gesang</td><td class="has-text-align-center" data-align="center"><strong>Stefan Zeder</strong><br>Gesang, Gitarre</td><td class="has-text-align-center" data-align="center"><strong>Ed O Newman</strong><br>Gitarre, Gesang</td></tr></tbody></table></figure>



<h2 class="wp-block-heading">Presse</h2>



<h3 class="wp-block-heading">Kurztext</h3>



<p>Vienna Sunrise haben sich dem Folk-Rock &amp; Pop von den späten 60ern bis heute mit dreistimmigen Gesangs- und melodische Gitarrenarrangements verschrieben.</p>



<h3 class="wp-block-heading">Langtext</h3>



<p>Vienna Sunrise bringen Folk-Rock &amp; Pop von den späten 60ern bis heute bei kleinen und großen Feiern, auf Pub- und Festival-Bühnen. Mit der Hauptstimme von Stefan Zeder, Ed Newman an der Gitarre und Klaus Schrenk am Bass arrangiert das Trio ausgewählte Songs von den Beatles, Eagles, Pink Floyd, Supertramp, Elton John, Gary Moore, Jimi Hendrix, den Doobi Brothers, The Who u.v.a mit dreistimmigem Gesang und melodischer Gitarrenbegleitung. Bei einigen Songs kommt eine von Stefan Zeder (der Schlagzeuger in mehreren anderen Formationen ist) eingespielte Drumspur zum Einsatz, um vor allem flottere und funkigere Songs authentischer und tanzbarer wiedergeben zu können. Hauptanliegen der Band ist der Spaß an der Musik der letzten 50 Jahre.</p>

<p>Klaus SchrenkBass, Gesang Stefan ZederGesang, Gitarre Ed O NewmanGitarre, Gesang Presse Kurztext Vienna Sunrise haben sich dem Folk-Rock &amp; Pop von den späten 60ern bis heute mit dreistimmigen Gesangs- und melodische Gitarrenarrangements verschrieben. Langtext Vienna Sunrise bringen Folk-Rock &amp; Pop von den späten 60ern bis heute bei kleinen und großen Feiern, auf Pub- und Festival-Bühnen. Mit der Hauptstimme von Stefan Zeder, Ed Newman an der Gitarre und Klaus Schrenk am [&hellip;]</p>

<!-- This site is optimized with the Yoast SEO plugin v24.5 - https://yoast.com/wordpress/plugins/seo/ -->
<title>Vienna Sunrise Band Musiker</title>
<meta name="description" content="Vienna Sunrise Band - Folk-Rock &amp; Pop in Vienna" />
<meta name="robots" content="index, follow, max-snippet:-1, max-image-preview:large, max-video-preview:-1" />
<link rel="canonical" href="https://viennasunrise.at/?page_id=68" />
<meta property="og:locale" content="de_DE" />
<meta property="og:type" content="article" />
<meta property="og:title" content="Vienna Sunrise Band Musiker" />
<meta property="og:description" content="Vienna Sunrise Band - Folk-Rock &amp; Pop in Vienna" />
<meta property="og:url" content="https://viennasunrise.at/?page_id=68" />
<meta property="og:site_name" content="Vienna Sunrise" />
<meta property="article:publisher" content="https://www.facebook.com/ViennaSunriseBand" />
<meta property="article:modified_time" content="2023-09-17T20:39:21+00:00" />
<meta property="og:image" content="https://viennasunrise.at/wp-content/uploads/2021/04/Klaus_black.jpg" />
<meta name="twitter:card" content="summary_large_image" />
<meta name="twitter:site" content="@SunriseVienna" />
<meta name="twitter:label1" content="Geschätzte Lesezeit" />
	<meta name="twitter:data1" content="2 Minuten" />
<script type="application/ld+json" class="yoast-schema-graph">{"@context":"https://schema.org","@graph":[{"@type":"WebPage","@id":"https://viennasunrise.at/?page_id=68","url":"https://viennasunrise.at/?page_id=68","name":"Vienna Sunrise Band Musiker","isPartOf":{"@id":"https://viennasunrise.at/#website"},"primaryImageOfPage":{"@id":"https://viennasunrise.at/?page_id=68#primaryimage"},"image":{"@id":"https://viennasunrise.at/?page_id=68#primaryimage"},"thumbnailUrl":"https://viennasunrise.at/wp-content/uploads/2021/04/Klaus_black.jpg","datePublished":"2021-04-21T14:10:50+00:00","dateModified":"2023-09-17T20:39:21+00:00","description":"Vienna Sunrise Band - Folk-Rock & Pop in Vienna","breadcrumb":{"@id":"https://viennasunrise.at/?page_id=68#breadcrumb"},"inLanguage":"de-AT","potentialAction":[{"@type":"ReadAction","target":["https://viennasunrise.at/?page_id=68"]}]},{"@type":"ImageObject","inLanguage":"de-AT","@id":"https://viennasunrise.at/?page_id=68#primaryimage","url":"https://viennasunrise.at/wp-content/uploads/2021/04/Klaus_black.jpg","contentUrl":"https://viennasunrise.at/wp-content/uploads/2021/04/Klaus_black.jpg","width":200,"height":270},{"@type":"BreadcrumbList","@id":"https://viennasunrise.at/?page_id=68#breadcrumb","itemListElement":[{"@type":"ListItem","position":1,"name":"Home","item":"https://viennasunrise.at/"},{"@type":"ListItem","position":2,"name":"Band"}]},{"@type":"WebSite","@id":"https://viennasunrise.at/#website","url":"https://viennasunrise.at/","name":"Vienna Sunrise","description":"Folk-Rock &amp; Pop in Vienna","publisher":{"@id":"https://viennasunrise.at/#organization"},"potentialAction":[{"@type":"SearchAction","target":{"@type":"EntryPoint","urlTemplate":"https://viennasunrise.at/?s={search_term_string}"},"query-input":{"@type":"PropertyValueSpecification","valueRequired":true,"valueName":"search_term_string"}}],"inLanguage":"de-AT"},{"@type":"Organization","@id":"https://viennasunrise.at/#organization","name":"Vienna Sunrise Band","url":"https://viennasunrise.at/","logo":{"@type":"ImageObject","inLanguage":"de-AT","@id":"https://viennasunrise.at/#/schema/logo/image/","url":"https://viennasunrise.at/wp-content/uploads/2021/04/vienna-02.png","contentUrl":"https://viennasunrise.at/wp-content/uploads/2021/04/vienna-02.png","width":597,"height":188,"caption":"Vienna Sunrise Band"},"image":{"@id":"https://viennasunrise.at/#/schema/logo/image/"},"sameAs":["https://www.facebook.com/ViennaSunriseBand","https://x.com/SunriseVienna","https://www.instagram.com/viennasunriseband/","https://www.youtube.com/channel/UC-pu3aLxo5KM5ybnKI4yopw"]}]}</script>
<!-- / Yoast SEO plugin. -->
